{"id":2635,"date":"2024-01-19T11:37:03","date_gmt":"2024-01-19T10:37:03","guid":{"rendered":"https:\/\/lebaraparfum.fr\/?page_id=2635"},"modified":"2024-01-19T11:37:04","modified_gmt":"2024-01-19T10:37:04","slug":"mentions-legales","status":"publish","type":"page","link":"https:\/\/lebaraparfum.fr\/?page_id=2635","title":{"rendered":"Mentions l\u00e9gales"},"content":{"rendered":"\n<p>Ce site est \u00e9dit\u00e9 par S\u00e9ga TRAOR\u00c9, dont le si\u00e8ge social est situ\u00e9 au 10 rue Sainte-Catherine, 45000 ORLEANS, FRANCE, identifi\u00e9 par le num\u00e9ro de SIRET 90509668100010.<\/p>\n\n\n\n<p><strong>Directeur de la Publication :<\/strong> S\u00e9ga TRAOR\u00c9<\/p>\n\n\n\n<p><strong>Contact :<\/strong><\/p>\n\n\n\n<ul>\n<li>Adresse e-mail : contact@lebaraparfum-fr<\/li>\n\n\n\n<li>Num\u00e9ro de t\u00e9l\u00e9phone : 06 59 47 53 17<\/li>\n<\/ul>\n\n\n\n<p><strong>H\u00e9bergeur du Site :<\/strong> Le site lebaraparfum.fr est h\u00e9berg\u00e9 par Unter Interface et peut \u00eatre contact\u00e9 \u00e0 l&#8217;adresse e-mail suivante : contact@unterinterface.fr.<\/p>\n\n\n\n<p><strong>Propri\u00e9t\u00e9 Intellectuelle :<\/strong> Le contenu de ce site, y compris les textes, images, logos, et autres \u00e9l\u00e9ments, est la propri\u00e9t\u00e9 intellectuelle de S\u00e9ga TRAOR\u00c9 ou de ses fournisseurs de contenu. Toute reproduction, distribution ou utilisation non autoris\u00e9e du contenu est strictement interdite.<\/p>\n\n\n\n<p><strong>Donn\u00e9es Personnelles :<\/strong> Le site lebaraparfum.fr respecte la r\u00e9glementation sur la protection des donn\u00e9es personnelles. Pour en savoir plus sur la mani\u00e8re dont nous traitons vos donn\u00e9es, veuillez consulter notre Politique de Confidentialit\u00e9.<\/p>\n\n\n\n<p><strong>Cookies :<\/strong> Ce site utilise des cookies pour am\u00e9liorer l&#8217;exp\u00e9rience utilisateur. En utilisant ce site, vous consentez \u00e0 l&#8217;utilisation de cookies conform\u00e9ment \u00e0 notre Politique de Cookies.<\/p>\n\n\n\n<p><strong>Liens Externes :<\/strong> Le site peut contenir des liens vers des sites externes. S\u00e9ga TRAOR\u00c9 n&#8217;est pas responsable du contenu de ces sites et d\u00e9cline toute responsabilit\u00e9 quant aux \u00e9ventuels dommages caus\u00e9s par leur utilisation.<\/p>\n\n\n\n<p><strong>Droit Applicable :<\/strong> Les pr\u00e9sentes mentions l\u00e9gales sont r\u00e9gies par le droit fran\u00e7ais. Tout litige relatif \u00e0 l&#8217;interpr\u00e9tation ou \u00e0 l&#8217;ex\u00e9cution des pr\u00e9sentes sera de la comp\u00e9tence exclusive des tribunaux fran\u00e7ais.<\/p>\n\n\n\n<p><strong>Modification des Mentions L\u00e9gales :<\/strong> S\u00e9ga TRAOR\u00c9 se r\u00e9serve le droit de modifier les pr\u00e9sentes mentions l\u00e9gales \u00e0 tout moment. Les utilisateurs du site sont invit\u00e9s \u00e0 les consulter r\u00e9guli\u00e8rement.<\/p>\n","protected":false},"excerpt":{"rendered":"<p>Ce site est \u00e9dit\u00e9 par S\u00e9ga TRAOR\u00c9, dont le si\u00e8ge social est situ\u00e9 au 10 rue Sainte-Catherine, 45000 ORLEANS, FRANCE, identifi\u00e9 par le num\u00e9ro de SIRET 90509668100010. Directeur de la Publication : S\u00e9ga TRAOR\u00c9 Contact : H\u00e9bergeur du Site : Le site lebaraparfum.fr est h\u00e9berg\u00e9 par Unter Interface et peut \u00eatre contact\u00e9 \u00e0 l&#8217;adresse e-mail &hellip;<\/p>\n<p class=\"read-more\"> <a class=\"\" href=\"https:\/\/lebaraparfum.fr\/?page_id=2635\"> <span class=\"screen-reader-text\">Mentions l\u00e9gales<\/span> Lire la suite\u00a0\u00bb<\/a><\/p>\n","protected":false},"author":1,"featured_media":0,"parent":0,"menu_order":0,"comment_status":"closed","ping_status":"closed","template":"","meta":{"_monsterinsights_skip_tracking":false,"_monsterinsights_sitenote_active":false,"_monsterinsights_sitenote_note":"","_monsterinsights_sitenote_category":0,"site-sidebar-layout":"default","site-content-layout":"","ast-site-content-layout":"default","site-content-style":"default","site-sidebar-style":"default","ast-global-header-display":"","ast-banner-title-visibility":"","ast-main-header-display":"","ast-hfb-above-header-display":"","ast-hfb-below-header-display":"","ast-hfb-mobile-header-display":"","site-post-title":"","ast-breadcrumbs-content":"","ast-featured-img":"","footer-sml-layout":"","theme-transparent-header-meta":"","adv-header-id-meta":"","stick-header-meta":"","header-above-stick-meta":"","header-main-stick-meta":"","header-below-stick-meta":"","astra-migrate-meta-layouts":"set","ast-page-background-enabled":"default","ast-page-background-meta":{"desktop":{"background-color":"var(--ast-global-color-4)","background-image":"","background-repeat":"repeat","background-position":"center center","background-size":"auto","background-attachment":"scroll","background-type":"","background-media":"","overlay-type":"","overlay-color":"","overlay-gradient":""},"tablet":{"background-color":"","background-image":"","background-repeat":"repeat","background-position":"center center","background-size":"auto","background-attachment":"scroll","background-type":"","background-media":"","overlay-type":"","overlay-color":"","overlay-gradient":""},"mobile":{"background-color":"","background-image":"","background-repeat":"repeat","background-position":"center center","background-size":"auto","background-attachment":"scroll","background-type":"","background-media":"","overlay-type":"","overlay-color":"","overlay-gradient":""}},"ast-content-background-meta":{"desktop":{"background-color":"var(--ast-global-color-5)","background-image":"","background-repeat":"repeat","background-position":"center center","background-size":"auto","background-attachment":"scroll","background-type":"","background-media":"","overlay-type":"","overlay-color":"","overlay-gradient":""},"tablet":{"background-color":"var(--ast-global-color-5)","background-image":"","background-repeat":"repeat","background-position":"center center","background-size":"auto","background-attachment":"scroll","background-type":"","background-media":"","overlay-type":"","overlay-color":"","overlay-gradient":""},"mobile":{"background-color":"var(--ast-global-color-5)","background-image":"","background-repeat":"repeat","background-position":"center center","background-size":"auto","background-attachment":"scroll","background-type":"","background-media":"","overlay-type":"","overlay-color":"","overlay-gradient":""}},"footnotes":""},"yoast_head":"<!-- This site is optimized with the Yoast SEO Premium plugin v21.9 (Yoast SEO v21.9.1) - https:\/\/yoast.com\/wordpress\/plugins\/seo\/ -->\n<title>Mentions l\u00e9gales | Le Bar \u00e0 Parfum<\/title>\n<meta name=\"robots\" content=\"index, follow, max-snippet:-1, max-image-preview:large, max-video-preview:-1\" \/>\n<link rel=\"canonical\" href=\"https:\/\/lebaraparfum.fr\/?page_id=2635\" \/>\n<meta property=\"og:locale\" content=\"fr_FR\" \/>\n<meta property=\"og:type\" content=\"article\" \/>\n<meta property=\"og:title\" content=\"Mentions l\u00e9gales\" \/>\n<meta property=\"og:description\" content=\"Ce site est \u00e9dit\u00e9 par S\u00e9ga TRAOR\u00c9, dont le si\u00e8ge social est situ\u00e9 au 10 rue Sainte-Catherine, 45000 ORLEANS, FRANCE, identifi\u00e9 par le num\u00e9ro de SIRET 90509668100010. Directeur de la Publication : S\u00e9ga TRAOR\u00c9 Contact : H\u00e9bergeur du Site : Le site lebaraparfum.fr est h\u00e9berg\u00e9 par Unter Interface et peut \u00eatre contact\u00e9 \u00e0 l&#8217;adresse e-mail &hellip; Mentions l\u00e9gales Lire la suite\u00a0\u00bb\" \/>\n<meta property=\"og:url\" content=\"https:\/\/lebaraparfum.fr\/?page_id=2635\" \/>\n<meta property=\"og:site_name\" content=\"Le Bar \u00e0 Parfum\" \/>\n<meta property=\"article:modified_time\" content=\"2024-01-19T10:37:04+00:00\" \/>\n<meta property=\"og:image\" content=\"https:\/\/lebaraparfum.fr\/wp-content\/uploads\/2023\/12\/mannequin-beaute-coiffure-fleur-rose-scaled.jpg\" \/>\n\t<meta property=\"og:image:width\" content=\"2560\" \/>\n\t<meta property=\"og:image:height\" content=\"1707\" \/>\n\t<meta property=\"og:image:type\" content=\"image\/jpeg\" \/>\n<meta name=\"twitter:card\" content=\"summary_large_image\" \/>\n<meta name=\"twitter:label1\" content=\"Dur\u00e9e de lecture estim\u00e9e\" \/>\n\t<meta name=\"twitter:data1\" content=\"1 minute\" \/>\n<script type=\"application\/ld+json\" class=\"yoast-schema-graph\">{\"@context\":\"https:\/\/schema.org\",\"@graph\":[{\"@type\":\"WebPage\",\"@id\":\"https:\/\/lebaraparfum.fr\/?page_id=2635\",\"url\":\"https:\/\/lebaraparfum.fr\/?page_id=2635\",\"name\":\"Mentions l\u00e9gales | Le Bar \u00e0 Parfum\",\"isPartOf\":{\"@id\":\"https:\/\/lebaraparfum.fr\/#website\"},\"datePublished\":\"2024-01-19T10:37:03+00:00\",\"dateModified\":\"2024-01-19T10:37:04+00:00\",\"breadcrumb\":{\"@id\":\"https:\/\/lebaraparfum.fr\/?page_id=2635#breadcrumb\"},\"inLanguage\":\"fr-FR\",\"potentialAction\":[{\"@type\":\"ReadAction\",\"target\":[\"https:\/\/lebaraparfum.fr\/?page_id=2635\"]}]},{\"@type\":\"BreadcrumbList\",\"@id\":\"https:\/\/lebaraparfum.fr\/?page_id=2635#breadcrumb\",\"itemListElement\":[{\"@type\":\"ListItem\",\"position\":1,\"name\":\"Accueil\",\"item\":\"https:\/\/lebaraparfum.fr\/\"},{\"@type\":\"ListItem\",\"position\":2,\"name\":\"Mentions l\u00e9gales\"}]},{\"@type\":\"WebSite\",\"@id\":\"https:\/\/lebaraparfum.fr\/#website\",\"url\":\"https:\/\/lebaraparfum.fr\/\",\"name\":\"Le Bar \u00e0 Parfum\",\"description\":\"\",\"publisher\":{\"@id\":\"https:\/\/lebaraparfum.fr\/#organization\"},\"alternateName\":\"Eau De Gamme\",\"potentialAction\":[{\"@type\":\"SearchAction\",\"target\":{\"@type\":\"EntryPoint\",\"urlTemplate\":\"https:\/\/lebaraparfum.fr\/?s={search_term_string}\"},\"query-input\":\"required name=search_term_string\"}],\"inLanguage\":\"fr-FR\"},{\"@type\":\"Organization\",\"@id\":\"https:\/\/lebaraparfum.fr\/#organization\",\"name\":\"Eau De Gamme\",\"url\":\"https:\/\/lebaraparfum.fr\/\",\"logo\":{\"@type\":\"ImageObject\",\"inLanguage\":\"fr-FR\",\"@id\":\"https:\/\/lebaraparfum.fr\/#\/schema\/logo\/image\/\",\"url\":\"https:\/\/lebaraparfum.fr\/wp-content\/uploads\/2024\/01\/cropped-logo.png\",\"contentUrl\":\"https:\/\/lebaraparfum.fr\/wp-content\/uploads\/2024\/01\/cropped-logo.png\",\"width\":512,\"height\":512,\"caption\":\"Eau De Gamme\"},\"image\":{\"@id\":\"https:\/\/lebaraparfum.fr\/#\/schema\/logo\/image\/\"},\"sameAs\":[\"https:\/\/www.instagram.com\/edg.orleans\/\"],\"actionableFeedbackPolicy\":\"https:\/\/lebaraparfum.fr\/?page_id=2631\"}]}<\/script>\n<!-- \/ Yoast SEO Premium plugin. -->","yoast_head_json":{"title":"Mentions l\u00e9gales | Le Bar \u00e0 Parfum","robots":{"index":"index","follow":"follow","max-snippet":"max-snippet:-1","max-image-preview":"max-image-preview:large","max-video-preview":"max-video-preview:-1"},"canonical":"https:\/\/lebaraparfum.fr\/?page_id=2635","og_locale":"fr_FR","og_type":"article","og_title":"Mentions l\u00e9gales","og_description":"Ce site est \u00e9dit\u00e9 par S\u00e9ga TRAOR\u00c9, dont le si\u00e8ge social est situ\u00e9 au 10 rue Sainte-Catherine, 45000 ORLEANS, FRANCE, identifi\u00e9 par le num\u00e9ro de SIRET 90509668100010. Directeur de la Publication : S\u00e9ga TRAOR\u00c9 Contact : H\u00e9bergeur du Site : Le site lebaraparfum.fr est h\u00e9berg\u00e9 par Unter Interface et peut \u00eatre contact\u00e9 \u00e0 l&#8217;adresse e-mail &hellip; Mentions l\u00e9gales Lire la suite\u00a0\u00bb","og_url":"https:\/\/lebaraparfum.fr\/?page_id=2635","og_site_name":"Le Bar \u00e0 Parfum","article_modified_time":"2024-01-19T10:37:04+00:00","og_image":[{"width":2560,"height":1707,"url":"https:\/\/lebaraparfum.fr\/wp-content\/uploads\/2023\/12\/mannequin-beaute-coiffure-fleur-rose-scaled.jpg","type":"image\/jpeg"}],"twitter_card":"summary_large_image","twitter_misc":{"Dur\u00e9e de lecture estim\u00e9e":"1 minute"},"schema":{"@context":"https:\/\/schema.org","@graph":[{"@type":"WebPage","@id":"https:\/\/lebaraparfum.fr\/?page_id=2635","url":"https:\/\/lebaraparfum.fr\/?page_id=2635","name":"Mentions l\u00e9gales | Le Bar \u00e0 Parfum","isPartOf":{"@id":"https:\/\/lebaraparfum.fr\/#website"},"datePublished":"2024-01-19T10:37:03+00:00","dateModified":"2024-01-19T10:37:04+00:00","breadcrumb":{"@id":"https:\/\/lebaraparfum.fr\/?page_id=2635#breadcrumb"},"inLanguage":"fr-FR","potentialAction":[{"@type":"ReadAction","target":["https:\/\/lebaraparfum.fr\/?page_id=2635"]}]},{"@type":"BreadcrumbList","@id":"https:\/\/lebaraparfum.fr\/?page_id=2635#breadcrumb","itemListElement":[{"@type":"ListItem","position":1,"name":"Accueil","item":"https:\/\/lebaraparfum.fr\/"},{"@type":"ListItem","position":2,"name":"Mentions l\u00e9gales"}]},{"@type":"WebSite","@id":"https:\/\/lebaraparfum.fr\/#website","url":"https:\/\/lebaraparfum.fr\/","name":"Le Bar \u00e0 Parfum","description":"","publisher":{"@id":"https:\/\/lebaraparfum.fr\/#organization"},"alternateName":"Eau De Gamme","potentialAction":[{"@type":"SearchAction","target":{"@type":"EntryPoint","urlTemplate":"https:\/\/lebaraparfum.fr\/?s={search_term_string}"},"query-input":"required name=search_term_string"}],"inLanguage":"fr-FR"},{"@type":"Organization","@id":"https:\/\/lebaraparfum.fr\/#organization","name":"Eau De Gamme","url":"https:\/\/lebaraparfum.fr\/","logo":{"@type":"ImageObject","inLanguage":"fr-FR","@id":"https:\/\/lebaraparfum.fr\/#\/schema\/logo\/image\/","url":"https:\/\/lebaraparfum.fr\/wp-content\/uploads\/2024\/01\/cropped-logo.png","contentUrl":"https:\/\/lebaraparfum.fr\/wp-content\/uploads\/2024\/01\/cropped-logo.png","width":512,"height":512,"caption":"Eau De Gamme"},"image":{"@id":"https:\/\/lebaraparfum.fr\/#\/schema\/logo\/image\/"},"sameAs":["https:\/\/www.instagram.com\/edg.orleans\/"],"actionableFeedbackPolicy":"https:\/\/lebaraparfum.fr\/?page_id=2631"}]}},"_links":{"self":[{"href":"https:\/\/lebaraparfum.fr\/index.php?rest_route=\/wp\/v2\/pages\/2635"}],"collection":[{"href":"https:\/\/lebaraparfum.fr\/index.php?rest_route=\/wp\/v2\/pages"}],"about":[{"href":"https:\/\/lebaraparfum.fr\/index.php?rest_route=\/wp\/v2\/types\/page"}],"author":[{"embeddable":true,"href":"https:\/\/lebaraparfum.fr\/index.php?rest_route=\/wp\/v2\/users\/1"}],"replies":[{"embeddable":true,"href":"https:\/\/lebaraparfum.fr\/index.php?rest_route=%2Fwp%2Fv2%2Fcomments&post=2635"}],"version-history":[{"count":1,"href":"https:\/\/lebaraparfum.fr\/index.php?rest_route=\/wp\/v2\/pages\/2635\/revisions"}],"predecessor-version":[{"id":2636,"href":"https:\/\/lebaraparfum.fr\/index.php?rest_route=\/wp\/v2\/pages\/2635\/revisions\/2636"}],"wp:attachment":[{"href":"https:\/\/lebaraparfum.fr\/index.php?rest_route=%2Fwp%2Fv2%2Fmedia&parent=2635"}],"curies":[{"name":"wp","href":"https:\/\/api.w.org\/{rel}","templated":true}]}}